mmon divisor of 6816 and 21465572.
284
What is the highest common divisor of 25258610 and 52?
26
What is the highest common factor of 423 and 1286865?
9
What is the greatest common factor of 14720 and 8831360?
640
What is the greatest common divisor of 1258203595 and 55?
55
Calculate the highest common divisor of 526 and 51686338.
526
Calculate the greatest common divisor of 2090178 and 5994.
54
Calculate the highest common factor of 55249821 and 11268.
2817
What is the greatest common divisor of 25344 and 1575?
9
Calculate the greatest common divisor of 10 and 44004385.
5
Calculate the greatest common factor of 215920 and 997600.
80
Calculate the highest common divisor of 969 and 6949725.
57
What is the highest common factor of 278 and 6065126?
278
What is the highest common factor of 87975 and 18768?
1173
Calculate the greatest common divisor of 7744 and 2528.
32
Calculate the highest common divisor of 450030 and 42280.
70
What is the greatest common factor of 311 and 514654307?
311
What is the greatest common factor of 169385643 and 4557?
651
What is the highest common divisor of 568 and 832924?
4
What is the greatest common divisor of 96253095 and 37?
37
Calculate the greatest common factor of 360 and 261489960.
360
Calculate the highest common divisor of 18450 and 131994990.
3690
Calculate the greatest common divisor of 168048 and 10328728.
3112
What is the greatest common divisor of 1278875 and 8970?
65
What is the greatest common divisor of 97 and 126224257?
97
What is the greatest common divisor of 43 and 209128436?
43
Calculate the highest common factor of 51647 and 73.
1
What is the highest common factor of 7119 and 128989161?
7119
What is the greatest common factor of 2328743 and 74?
37
What is the highest common factor of 462 and 6545770?
154
Calculate the greatest common factor of 18992 and 15700449.
1187
Calculate the greatest common factor of 3584 and 92652.
28
What is the greatest common divisor of 30 and 3152130?
30
What is the greatest common divisor of 36124662 and 12488?
3122
What is the greatest common factor of 210 and 166359375?
105
What is the greatest common divisor of 274 and 95386387?
137
What is the greatest common factor of 62631519 and 618?
309
Calculate the greatest common factor of 36 and 22684635.
9
What is the highest common factor of 973 and 9172749?
139
Calculate the greatest common factor of 33589538 and 956.
478
Calculate the greatest common divisor of 298185205 and 1905.
635
Calculate the greatest common factor of 776 and 1591672.
8
What is the greatest common divisor of 1784573059 and 1357?
1357
Calculate the highest common divisor of 71165570 and 16590.
5530
What is the greatest common factor of 1163886 and 348?
174
What is the greatest common divisor of 84 and 154923258?
42
Calculate the greatest common divisor of 36828 and 38502.
1674
What is the greatest common divisor of 30955419 and 8910?
297
What is the highest common factor of 29 and 47655758?
29
Calculate the greatest common factor of 16789 and 620378.
163
Calculate the greatest common factor of 16 and 14866448.
16
What is the highest common factor of 5069 and 526375098?
5069
Calculate the greatest common divisor of 460581 and 127149.
33
Calculate the highest common factor of 615 and 64400955.
615
Calculate the highest common divisor of 4472010 and 420.
30
What is the greatest common factor of 359979 and 21?
3
Calculate the greatest common factor of 209025 and 25812.
9
Calculate the highest common factor of 1106 and 41274261.
553
Calculate the greatest common factor of 2823347 and 5429.
89
What is the highest common factor of 8 and 1597747352?
8
What is the greatest common factor of 499280 and 69680?
80
What is the greatest common factor of 96521 and 24722?
263
What is the greatest common factor of 86150 and 2?
2
What is the greatest common factor of 24760 and 1238840?
40
Calculate the greatest common factor of 1635868 and 1317225.
2509
Calculate the highest common factor of 1514898 and 1584.
198
What is the greatest common factor of 660734 and 248?
62
Calculate the highest common divisor of 68912 and 2597632.
1168
Calculate the greatest common divisor of 34465 and 10536685.
565
What is the highest common factor of 1201 and 53707519?
1201
What is the greatest common factor of 105 and 14839265?
35
Calculate the highest common divisor of 38713800 and 200.
200
Calculate the greatest common factor of 38282320 and 2494.
58
What is the greatest common divisor of 8 and 25365512?
8
Calculate the highest common factor of 3350 and 200580.
10
What is the greatest common divisor of 2278 and 9988418?
34
What is the greatest common divisor of 43985 and 530?
5
What is the highest common divisor of 4660689 and 209?
11
What is the highest common factor of 4392822 and 9436149?
7653
Calculate the greatest common divisor of 225313960 and 47781.
5309
Calculate the greatest common divisor of 11224 and 343528.
184
What is the greatest common factor of 119437136 and 126?
14
What is the highest common factor of 44718774 and 1788?
894
What is the highest common divisor of 11504 and 258158388?
2876
Calculate the greatest common divisor of 403300 and 1020785.
545
Calculate the highest common divisor of 2601876 and 1.
1
What is the highest common factor of 1018 and 1471955722?
1018
What is the highest common factor of 752709 and 37383?
51
What is the highest common divisor of 101434 and 1558?
82
Calculate the highest common divisor of 1805401 and 1469.
1469
What is the highest common factor of 53060511 and 137?
137
What is the highest common divisor of 36 and 1341812?
4
What is the greatest common divisor of 72145 and 96091?
307
Calculate the highest common factor of 2 and 17226546.
2
Calculate the greatest common divisor of 599750234 and 1772.
886
Calculate the highest common factor of 1129205 and 124803.
49
Calculate the highest common divisor of 288233 and 77.
11
Calculate the highest common divisor of 544239097 and 19.
19
What is the highest common factor of 160638 and 1835583?
1959
Calculate the highest common factor of 486 and 344073240.
18
What is the greatest common factor of 40 and 345518110?
10
What is the greatest common divisor of 184526 and 718?
718
What is the highest common divisor of 1000592525 and 50?
25
What is the highest common divisor of 447855361 and 306?
17
Calculate the greatest common factor of 14958791 and 346.
173
What is the greatest common factor of 1288809 and 47259?
801
What is the greatest common factor of 1187 and 235112651?
1187
What is the highest common divisor of 26 and 125371324?
26
What is the greatest common divisor of 1417576 and 38236?
316
What is the highest common factor of 369 and 11072091?
123
Calculate the greatest common divisor of 1124 and 2657698.
562
What is the greatest common divisor of 206820 and 16323843?
1149
What is the greatest common divisor of 9152 and 4378348?
52
Calculate the highest common factor of 248 and 107.
1
Calculate the highest common divisor of 10052512 and 127136.
4384
Calculate the highest common factor of 21489399 and 513.
171
Calculate the greatest common factor of 11680 and 254113.
73
What is the highest common divisor of 1564 and 5817804?
92
What is the greatest common divisor of 11315 and 6056625?
155
What is the highest common factor of 49956 and 339556?
724
Calculate the greatest common factor of 860 and 32210956.
172
Calculate the greatest common divisor of 433556 and 3974452.
1132
What is the greatest common divisor of 165236039 and 153?
17
What is the highest common factor of 1052491 and 148819?
1793
What is the highest common divisor of 433158672 and 4944?
4944
Calculate the highest common divisor of 727771 and 1188.
11
Calculate the highest common divisor of 1870285 and 7310.
215
Calculate the highest common divisor of 122174 and 9694.
74
What is the greatest common divisor of 26747 and 1487?
1
What is the greatest common divisor of 199116 and 7794?
18
Calculate the highest common factor of 14679244 and 186.
62
Calculate the greatest common divisor of 101738 and 41556060.
7826
Calculate the highest common divisor of 8312330 and 32240.
130
Calculate the highest common divisor of 3192 and 79234617.
399
What is the greatest common factor of 42164 and 8156067?
127
Calculate the greatest c